{"id":34,"date":"2019-07-23T14:45:28","date_gmt":"2019-07-23T14:45:28","guid":{"rendered":"http:\/\/ipron.sk\/?page_id=34"},"modified":"2019-07-24T10:22:16","modified_gmt":"2019-07-24T08:22:16","slug":"partneri-a-referencie","status":"publish","type":"page","link":"https:\/\/ipron.sk\/?page_id=34","title":{"rendered":"Partneri a referencie"},"content":{"rendered":"<p>Firma&nbsp;<strong>IPRON<\/strong>&nbsp;po\u010das svojho p\u00f4sobenia nadviazala spolupr\u00e1cu s viacer\u00fdmi slovensk\u00fdmi i zahrani\u010dn\u00fdmi spolo\u010dnos\u0165ami a podie\u013eala sa na rie\u0161en\u00ed mno\u017estva spolo\u010dn\u00fdch projektov.<\/p>\n\n\n\n<h2 class=\"wp-block-heading\" style=\"text-align:center\"><a href=\"http:\/\/www.ditec.sk\/\" target=\"_blank\" rel=\"noreferrer noopener\">Ditec a.s.<\/a><\/h2>\n\n\n\n<div class=\"wp-block-image\"><figure class=\"alignleft\"><a href=\"https:\/\/www.ditec.sk\"><img data-recalc-dims=\"1\" loading=\"lazy\" decoding=\"async\" width=\"173\" height=\"47\" src=\"https:\/\/i0.wp.com\/ipron.sk\/wp-content\/uploads\/2019\/07\/ditec_logo_small.png?resize=173%2C47&#038;ssl=1\" alt=\"\" class=\"wp-image-82\"\/><\/a><\/figure><\/div>\n\n\n\n<p>Spolo\u010dnos\u0165&nbsp;<strong>DITEC<\/strong>&nbsp;je ved\u00facim integr\u00e1torom informa\u010dn\u00fdch technol\u00f3gi\u00ed, ktor\u00e1 svojim z\u00e1kazn\u00edkom poskytuje komplexn\u00e9 slu\u017eby v oblasti nasadzovania a prev\u00e1dzky informa\u010dn\u00fdch syst\u00e9mov. Po\u010das hist\u00f3rie sa firma vypracovala v stabiln\u00fd subjekt, ktor\u00fd je d\u00f4veryhodn\u00fdm a dlhodob\u00fdm partnerom v\u00fdznamn\u00fdch organiz\u00e1ci\u00ed.<\/p>\n\n\n\n<p>Spolo\u010dnos\u0165&nbsp;<strong>DITEC<\/strong>&nbsp;spolupracuje s najv\u00fdznamnej\u0161\u00edmi organiz\u00e1ciami v SR, pre ktor\u00e9 realizuje rozsiahle projekty v oblasti IT.<\/p>\n\n\n\n<h2 class=\"wp-block-heading\" style=\"text-align:center\"><a href=\"http:\/\/www.objectpower.net\/\" target=\"_blank\" rel=\"noreferrer noopener\">ObjectPower Ltd.<\/a><\/h2>\n\n\n\n<div class=\"wp-block-image\"><figure class=\"alignleft\"><a href=\"http:\/\/www.objectpower.net\/\"><img data-recalc-dims=\"1\" decoding=\"async\" src=\"https:\/\/i0.wp.com\/ipron.sk\/references_files\/objectpower.gif?w=640&#038;ssl=1\" alt=\"\"\/><\/a><\/figure><\/div>\n\n\n\n<p>Spolo\u010dnos\u0165&nbsp;<strong>ObjectPower<\/strong>&nbsp;poskytuje konzulta\u010dn\u00e9 slu\u017eby a softv\u00e9rov\u00e9 rie\u0161enia predov\u0161etk\u00fdm pre oblas\u0165 cestovn\u00e9ho ruchu a hoteli\u00e9rstva.<\/p>\n\n\n\n<h2 class=\"wp-block-heading\" style=\"text-align:center\"><a href=\"http:\/\/www.crem-solutions.de\/\" target=\"_blank\" rel=\"noreferrer noopener\">Nemetschek CREM Solutions<\/a><\/h2>\n\n\n\n<div class=\"wp-block-image\"><figure class=\"alignleft\"><a href=\"http:\/\/www.crem-solutions.de\/\"><img data-recalc-dims=\"1\" decoding=\"async\" src=\"https:\/\/i0.wp.com\/ipron.sk\/references_files\/nemetschek.gif?w=640&#038;ssl=1\" alt=\"\"\/><\/a><\/figure><\/div>\n\n\n\n<p>Koncern&nbsp;<strong>Nemetschek<\/strong>&nbsp;sa zaober\u00e1 v\u00fdvojom a distrib\u00faciou informa\u010dn\u00fdch technol\u00f3gi\u00ed v stavebn\u00edctve.&nbsp;<em>Allplan<\/em>&nbsp;je vlajkov\u00fdm produktom v oblasti CAD\/AEC. Firma&nbsp;<strong>Nemetschek<\/strong>&nbsp;je v Eur\u00f3pe v oblasti AEC v stavebn\u00edctve \u010d\u00edslo 2.<\/p>\n\n\n\n<h2 class=\"wp-block-heading\" style=\"text-align:center\"><a href=\"http:\/\/www.infobase.sk\/\" target=\"_blank\" rel=\"noreferrer noopener\">InfoBASE sro.<\/a><\/h2>\n\n\n\n<div class=\"wp-block-image\"><figure class=\"alignleft\"><a href=\"http:\/\/www.infobase.sk\/\"><img data-recalc-dims=\"1\" decoding=\"async\" src=\"https:\/\/i0.wp.com\/ipron.sk\/references_files\/infobase.gif?w=640&#038;ssl=1\" alt=\"\"\/><\/a><\/figure><\/div>\n\n\n\n<p>Spolo\u010dnos\u0165&nbsp;<strong>InfoBASE<\/strong>&nbsp;je profesion\u00e1lnym poskytovate\u013eom slu\u017eieb v oblasti informa\u010dn\u00fdch technol\u00f3gi\u00ed so s\u00eddlom v Bratislave.<br>V spolupr\u00e1ci so \u0161pecilistami z oblasti multim\u00e9di\u00ed vyvinuli produkt&nbsp;<em>InfoPLAYOUT<\/em>, ktor\u00fd pon\u00faka integrovan\u00e9 multimedi\u00e1lne rie\u0161enia on-screen prezen\u00e1ci\u00ed.<\/p>\n\n\n\n<p><\/p>","protected":false},"excerpt":{"rendered":"<p>Firma&nbsp;IPRON&nbsp;po\u010das svojho p\u00f4sobenia nadviazala spolupr\u00e1cu s viacer\u00fdmi slovensk\u00fdmi i zahrani\u010dn\u00fdmi spolo\u010dnos\u0165ami a podie\u013eala sa na rie\u0161en\u00ed mno\u017estva spolo\u010dn\u00fdch projektov. Ditec a.s. Spolo\u010dnos\u0165&nbsp;DITEC&nbsp;je ved\u00facim integr\u00e1torom informa\u010dn\u00fdch technol\u00f3gi\u00ed, ktor\u00e1 svojim z\u00e1kazn\u00edkom poskytuje komplexn\u00e9 slu\u017eby v oblasti nasadzovania a prev\u00e1dzky informa\u010dn\u00fdch syst\u00e9mov. Po\u010das hist\u00f3rie sa firma vypracovala v stabiln\u00fd subjekt, ktor\u00fd je d\u00f4veryhodn\u00fdm a dlhodob\u00fdm partnerom v\u00fdznamn\u00fdch organiz\u00e1ci\u00ed. [&hellip;]<\/p>","protected":false},"author":1,"featured_media":0,"parent":0,"menu_order":0,"comment_status":"closed","ping_status":"closed","template":"","meta":{"footnotes":""},"class_list":["post-34","page","type-page","status-publish","hentry"],"jetpack_sharing_enabled":true,"_links":{"self":[{"href":"https:\/\/ipron.sk\/index.php?rest_route=\/wp\/v2\/pages\/34","targetHints":{"allow":["GET"]}}],"collection":[{"href":"https:\/\/ipron.sk\/index.php?rest_route=\/wp\/v2\/pages"}],"about":[{"href":"https:\/\/ipron.sk\/index.php?rest_route=\/wp\/v2\/types\/page"}],"author":[{"embeddable":true,"href":"https:\/\/ipron.sk\/index.php?rest_route=\/wp\/v2\/users\/1"}],"replies":[{"embeddable":true,"href":"https:\/\/ipron.sk\/index.php?rest_route=%2Fwp%2Fv2%2Fcomments&post=34"}],"version-history":[{"count":4,"href":"https:\/\/ipron.sk\/index.php?rest_route=\/wp\/v2\/pages\/34\/revisions"}],"predecessor-version":[{"id":83,"href":"https:\/\/ipron.sk\/index.php?rest_route=\/wp\/v2\/pages\/34\/revisions\/83"}],"wp:attachment":[{"href":"https:\/\/ipron.sk\/index.php?rest_route=%2Fwp%2Fv2%2Fmedia&parent=34"}],"curies":[{"name":"wp","href":"https:\/\/api.w.org\/{rel}","templated":true}]}}